{"version":"1.0","provider_name":"ASCEF","provider_url":"https:\/\/www.ascef.com\/es\/","author_name":"Borja Igual","author_url":"https:\/\/www.ascef.com\/es\/author\/bigual1990mcs-com\/","title":"Las Asociaciones Territoriales de la Empresa Familiar firman un acuerdo con Credit Suisse para impulsar un nuevo ciclo de \"La Empresa Familiar Comparte\" - ASCEF","type":"rich","width":600,"height":338,"html":"<blockquote class=\"wp-embedded-content\" data-secret=\"Kq5HbheVaj\"><a href=\"https:\/\/www.ascef.com\/es\/empresa-familiar-credit-suisse\/\">Las Asociaciones Territoriales de la Empresa Familiar firman un acuerdo con Credit Suisse para impulsar un nuevo ciclo de \u00abLa Empresa Familiar Comparte\u00bb<\/a><\/blockquote><iframe sandbox=\"allow-scripts\" security=\"restricted\" src=\"https:\/\/www.ascef.com\/es\/empresa-familiar-credit-suisse\/embed\/#?secret=Kq5HbheVaj\" width=\"600\" height=\"338\" title=\"\u00abLas Asociaciones Territoriales de la Empresa Familiar firman un acuerdo con Credit Suisse para impulsar un nuevo ciclo de \u00abLa Empresa Familiar Comparte\u00bb\u00bb \u2014 ASCEF\" data-secret=\"Kq5HbheVaj\" frameborder=\"0\" marginwidth=\"0\" marginheight=\"0\" scrolling=\"no\" class=\"wp-embedded-content\"><\/iframe><script type=\"text\/javascript\">\n\/* <![CDATA[ *\/\n\/*! This file is auto-generated *\/\n!function(d,l){\"use strict\";l.querySelector&&d.addEventListener&&\"undefined\"!=typeof URL&&(d.wp=d.wp||{},d.wp.receiveEmbedMessage||(d.wp.receiveEmbedMessage=function(e){var t=e.data;if((t||t.secret||t.message||t.value)&&!\/[^a-zA-Z0-9]\/.test(t.secret)){for(var s,r,n,a=l.querySelectorAll('iframe[data-secret=\"'+t.secret+'\"]'),o=l.querySelectorAll('blockquote[data-secret=\"'+t.secret+'\"]'),c=new RegExp(\"^https?:$\",\"i\"),i=0;i<o.length;i++)o[i].style.display=\"none\";for(i=0;i<a.length;i++)s=a[i],e.source===s.contentWindow&&(s.removeAttribute(\"style\"),\"height\"===t.message?(1e3<(r=parseInt(t.value,10))?r=1e3:~~r<200&&(r=200),s.height=r):\"link\"===t.message&&(r=new URL(s.getAttribute(\"src\")),n=new URL(t.value),c.test(n.protocol))&&n.host===r.host&&l.activeElement===s&&(d.top.location.href=t.value))}},d.addEventListener(\"message\",d.wp.receiveEmbedMessage,!1),l.addEventListener(\"DOMContentLoaded\",function(){for(var e,t,s=l.querySelectorAll(\"iframe.wp-embedded-content\"),r=0;r<s.length;r++)(t=(e=s[r]).getAttribute(\"data-secret\"))||(t=Math.random().toString(36).substring(2,12),e.src+=\"#?secret=\"+t,e.setAttribute(\"data-secret\",t)),e.contentWindow.postMessage({message:\"ready\",secret:t},\"*\")},!1)))}(window,document);\n\/* ]]> *\/\n<\/script>\n","thumbnail_url":"https:\/\/www.ascef.com\/wp-content\/uploads\/2021\/05\/IMAGEN-GENERAL-CICLO-NPweb.jpg","thumbnail_width":2501,"thumbnail_height":1639,"description":"La red de Asociaciones Territoriales de la Empresa Familiar, de la que forma parte ASCEF, ha firmado un acuerdo con Credit Suisse por el que \u00e9sta patrocinar\u00e1 el nuevo ciclo de jornadas bajo el t\u00edtulo \"La Empresa Familiar Comparte\"."}

La red de Asociaciones Territoriales de la Empresa Familiar, de la que forma parte ASCEF, ha firmado un acuerdo con Credit Suisse por el que ésta patrocinará el nuevo ciclo de jornadas bajo el título "La Empresa Familiar Comparte".
