{"version":"1.0","provider_name":"ASCEF","provider_url":"https:\/\/www.ascef.com\/es\/","author_name":"usuari_ascef_admin","author_url":"https:\/\/www.ascef.com\/es\/author\/usuari_ascef_admin\/","title":"Comida coloquio con Valent\u00ed Pich - ASCEF","type":"rich","width":600,"height":338,"html":"<blockquote class=\"wp-embedded-content\" data-secret=\"jDJ7HyvcMN\"><a href=\"https:\/\/www.ascef.com\/es\/comida-coloquio-con-valenti-pich\/\">Comida coloquio con Valent\u00ed Pich<\/a><\/blockquote><iframe sandbox=\"allow-scripts\" security=\"restricted\" src=\"https:\/\/www.ascef.com\/es\/comida-coloquio-con-valenti-pich\/embed\/#?secret=jDJ7HyvcMN\" width=\"600\" height=\"338\" title=\"\u00abComida coloquio con Valent\u00ed Pich\u00bb \u2014 ASCEF\" data-secret=\"jDJ7HyvcMN\" frameborder=\"0\" marginwidth=\"0\" marginheight=\"0\" scrolling=\"no\" class=\"wp-embedded-content\"><\/iframe><script type=\"text\/javascript\">\n\/* <![CDATA[ *\/\n\/*! This file is auto-generated *\/\n!function(d,l){\"use strict\";l.querySelector&&d.addEventListener&&\"undefined\"!=typeof URL&&(d.wp=d.wp||{},d.wp.receiveEmbedMessage||(d.wp.receiveEmbedMessage=function(e){var t=e.data;if((t||t.secret||t.message||t.value)&&!\/[^a-zA-Z0-9]\/.test(t.secret)){for(var s,r,n,a=l.querySelectorAll('iframe[data-secret=\"'+t.secret+'\"]'),o=l.querySelectorAll('blockquote[data-secret=\"'+t.secret+'\"]'),c=new RegExp(\"^https?:$\",\"i\"),i=0;i<o.length;i++)o[i].style.display=\"none\";for(i=0;i<a.length;i++)s=a[i],e.source===s.contentWindow&&(s.removeAttribute(\"style\"),\"height\"===t.message?(1e3<(r=parseInt(t.value,10))?r=1e3:~~r<200&&(r=200),s.height=r):\"link\"===t.message&&(r=new URL(s.getAttribute(\"src\")),n=new URL(t.value),c.test(n.protocol))&&n.host===r.host&&l.activeElement===s&&(d.top.location.href=t.value))}},d.addEventListener(\"message\",d.wp.receiveEmbedMessage,!1),l.addEventListener(\"DOMContentLoaded\",function(){for(var e,t,s=l.querySelectorAll(\"iframe.wp-embedded-content\"),r=0;r<s.length;r++)(t=(e=s[r]).getAttribute(\"data-secret\"))||(t=Math.random().toString(36).substring(2,12),e.src+=\"#?secret=\"+t,e.setAttribute(\"data-secret\",t)),e.contentWindow.postMessage({message:\"ready\",secret:t},\"*\")},!1)))}(window,document);\n\/* ]]> *\/\n<\/script>\n","thumbnail_url":"https:\/\/www.ascef.com\/wp-content\/uploads\/2022\/10\/ascef-amb-valenti-pich-20-set.jpg","thumbnail_width":441,"thumbnail_height":235,"description":"Los participantes en el almuerzo coloquio organizado por la ASCEF el pasado 20 de septiembre con el sr. Valent\u00ed Pich, presidente del Consejo de Colegios de Economistas de Espa\u00f1a, tuvieron la oportunidad de compartir interesantes y enriquecedoras reflexiones sobre la coyuntura econ\u00f3mica actual."}

Comida coloquio con Valentí Pich - ASCEF

<blockquote class="wp-embedded-content" data-secret="jDJ7HyvcMN"><a href="https://www.ascef.com/es/comida-coloquio-con-valenti-pich/">Comida coloquio con Valentí Pich</a></blockquote><iframe sandbox="allow-scripts" security="restricted" src="https://www.ascef.com/es/comida-coloquio-con-valenti-pich/embed/#?secret=jDJ7HyvcMN" width="600" height="338" title="«Comida coloquio con Valentí Pich» — ASCEF" data-secret="jDJ7HyvcMN" frameborder="0" marginwidth="0" marginheight="0" scrolling="no" class="wp-embedded-content"></iframe><script type="text/javascript">
/* <![CDATA[ */
/*! This file is auto-generated */
!function(d,l){"use strict";l.querySelector&&d.addEventListener&&"undefined"!=typeof URL&&(d.wp=d.wp||{},d.wp.receiveEmbedMessage||(d.wp.receiveEmbedMessage=function(e){var t=e.data;if((t||t.secret||t.message||t.value)&&!/[^a-zA-Z0-9]/.test(t.secret)){for(var s,r,n,a=l.querySelectorAll('iframe[data-secret="'+t.secret+'"]'),o=l.querySelectorAll('blockquote[data-secret="'+t.secret+'"]'),c=new RegExp("^https?:$","i"),i=0;i<o.length;i++)o[i].style.display="none";for(i=0;i<a.length;i++)s=a[i],e.source===s.contentWindow&&(s.removeAttribute("style"),"height"===t.message?(1e3<(r=parseInt(t.value,10))?r=1e3:~~r<200&&(r=200),s.height=r):"link"===t.message&&(r=new URL(s.getAttribute("src")),n=new URL(t.value),c.test(n.protocol))&&n.host===r.host&&l.activeElement===s&&(d.top.location.href=t.value))}},d.addEventListener("message",d.wp.receiveEmbedMessage,!1),l.addEventListener("DOMContentLoaded",function(){for(var e,t,s=l.querySelectorAll("iframe.wp-embedded-content"),r=0;r<s.length;r++)(t=(e=s[r]).getAttribute("data-secret"))||(t=Math.random().toString(36).substring(2,12),e.src+="#?secret="+t,e.setAttribute("data-secret",t)),e.contentWindow.postMessage({message:"ready",secret:t},"*")},!1)))}(window,document);
/* ]]> */
</script>

Los participantes en el almuerzo coloquio organizado por la ASCEF el pasado 20 de septiembre con el sr. Valentí Pich, presidente del Consejo de Colegios de Economistas de España, tuvieron la oportunidad de compartir interesantes y enriquecedoras reflexiones sobre la coyuntura económica actual.
