{"version":"1.0","provider_name":"ASCEF","provider_url":"https:\/\/www.ascef.com\/es\/","author_name":"usuari_ascef_admin","author_url":"https:\/\/www.ascef.com\/es\/author\/usuari_ascef_admin\/","title":"ASCEF celebra su Asamblea de socios: Hablamos de empresa familiar, el valor que suma - ASCEF","type":"rich","width":600,"height":338,"html":"<blockquote class=\"wp-embedded-content\" data-secret=\"Q9BkJb6PaK\"><a href=\"https:\/\/www.ascef.com\/es\/colloqui-empreses-amb-historia-per-clausura-lassemblea-2023\/\">ASCEF celebra su Asamblea de socios: Hablamos de empresa familiar, el valor que suma<\/a><\/blockquote><iframe sandbox=\"allow-scripts\" security=\"restricted\" src=\"https:\/\/www.ascef.com\/es\/colloqui-empreses-amb-historia-per-clausura-lassemblea-2023\/embed\/#?secret=Q9BkJb6PaK\" width=\"600\" height=\"338\" title=\"\u00abASCEF celebra su Asamblea de socios: Hablamos de empresa familiar, el valor que suma\u00bb \u2014 ASCEF\" data-secret=\"Q9BkJb6PaK\" frameborder=\"0\" marginwidth=\"0\" marginheight=\"0\" scrolling=\"no\" class=\"wp-embedded-content\"><\/iframe><script type=\"text\/javascript\">\n\/* <![CDATA[ *\/\n\/*! This file is auto-generated *\/\n!function(d,l){\"use strict\";l.querySelector&&d.addEventListener&&\"undefined\"!=typeof URL&&(d.wp=d.wp||{},d.wp.receiveEmbedMessage||(d.wp.receiveEmbedMessage=function(e){var t=e.data;if((t||t.secret||t.message||t.value)&&!\/[^a-zA-Z0-9]\/.test(t.secret)){for(var s,r,n,a=l.querySelectorAll('iframe[data-secret=\"'+t.secret+'\"]'),o=l.querySelectorAll('blockquote[data-secret=\"'+t.secret+'\"]'),c=new RegExp(\"^https?:$\",\"i\"),i=0;i<o.length;i++)o[i].style.display=\"none\";for(i=0;i<a.length;i++)s=a[i],e.source===s.contentWindow&&(s.removeAttribute(\"style\"),\"height\"===t.message?(1e3<(r=parseInt(t.value,10))?r=1e3:~~r<200&&(r=200),s.height=r):\"link\"===t.message&&(r=new URL(s.getAttribute(\"src\")),n=new URL(t.value),c.test(n.protocol))&&n.host===r.host&&l.activeElement===s&&(d.top.location.href=t.value))}},d.addEventListener(\"message\",d.wp.receiveEmbedMessage,!1),l.addEventListener(\"DOMContentLoaded\",function(){for(var e,t,s=l.querySelectorAll(\"iframe.wp-embedded-content\"),r=0;r<s.length;r++)(t=(e=s[r]).getAttribute(\"data-secret\"))||(t=Math.random().toString(36).substring(2,12),e.src+=\"#?secret=\"+t,e.setAttribute(\"data-secret\",t)),e.contentWindow.postMessage({message:\"ready\",secret:t},\"*\")},!1)))}(window,document);\n\/* ]]> *\/\n<\/script>\n","thumbnail_url":"https:\/\/www.ascef.com\/wp-content\/uploads\/2023\/06\/Foto-mes-redonda.jpg","thumbnail_width":2200,"thumbnail_height":1409,"description":"El 15 junio, la ASCEF celebr\u00f3 la Asamblea General de socios anual, uno de los actos m\u00e1s esperados del calendario de nuestra asociaci\u00f3n. Como siempre, el encuentro ha permitido disfrutar de momentos l\u00fadicos, momentos de reflexi\u00f3n y momentos de car\u00e1cter m\u00e1s institucional. Agradecemos la colaboraci\u00f3n y el apoyo de EY. El acto se celebr\u00f3 en [&hellip;]"}

El 15 junio, la ASCEF celebró la Asamblea General de socios anual, uno de los actos más esperados del calendario de nuestra asociación. Como siempre, el encuentro ha permitido disfrutar de momentos lúdicos, momentos de reflexión y momentos de carácter más institucional. Agradecemos la colaboración y el apoyo de EY. El acto se celebró en [&hellip;]
