{"version":"1.0","provider_name":"ASCEF","provider_url":"https:\/\/www.ascef.com\/es\/","author_name":"Borja Igual","author_url":"https:\/\/www.ascef.com\/es\/author\/bigual1990mcs-com\/","title":"Webinar ODS \"De la teor\u00eda a la acci\u00f3n\" - ASCEF","type":"rich","width":600,"height":338,"html":"<blockquote class=\"wp-embedded-content\" data-secret=\"YW67H7HffM\"><a href=\"https:\/\/www.ascef.com\/es\/agenda\/webinar-ods-de-la-teoria-a-la-accion\/\">Webinar ODS \u00abDe la teor\u00eda a la acci\u00f3n\u00bb<\/a><\/blockquote><iframe sandbox=\"allow-scripts\" security=\"restricted\" src=\"https:\/\/www.ascef.com\/es\/agenda\/webinar-ods-de-la-teoria-a-la-accion\/embed\/#?secret=YW67H7HffM\" width=\"600\" height=\"338\" title=\"\u00abWebinar ODS \u00abDe la teor\u00eda a la acci\u00f3n\u00bb\u00bb \u2014 ASCEF\" data-secret=\"YW67H7HffM\" frameborder=\"0\" marginwidth=\"0\" marginheight=\"0\" scrolling=\"no\" class=\"wp-embedded-content\"><\/iframe><script type=\"text\/javascript\">\n\/* <![CDATA[ *\/\n\/*! This file is auto-generated *\/\n!function(d,l){\"use strict\";l.querySelector&&d.addEventListener&&\"undefined\"!=typeof URL&&(d.wp=d.wp||{},d.wp.receiveEmbedMessage||(d.wp.receiveEmbedMessage=function(e){var t=e.data;if((t||t.secret||t.message||t.value)&&!\/[^a-zA-Z0-9]\/.test(t.secret)){for(var s,r,n,a=l.querySelectorAll('iframe[data-secret=\"'+t.secret+'\"]'),o=l.querySelectorAll('blockquote[data-secret=\"'+t.secret+'\"]'),c=new RegExp(\"^https?:$\",\"i\"),i=0;i<o.length;i++)o[i].style.display=\"none\";for(i=0;i<a.length;i++)s=a[i],e.source===s.contentWindow&&(s.removeAttribute(\"style\"),\"height\"===t.message?(1e3<(r=parseInt(t.value,10))?r=1e3:~~r<200&&(r=200),s.height=r):\"link\"===t.message&&(r=new URL(s.getAttribute(\"src\")),n=new URL(t.value),c.test(n.protocol))&&n.host===r.host&&l.activeElement===s&&(d.top.location.href=t.value))}},d.addEventListener(\"message\",d.wp.receiveEmbedMessage,!1),l.addEventListener(\"DOMContentLoaded\",function(){for(var e,t,s=l.querySelectorAll(\"iframe.wp-embedded-content\"),r=0;r<s.length;r++)(t=(e=s[r]).getAttribute(\"data-secret\"))||(t=Math.random().toString(36).substring(2,12),e.src+=\"#?secret=\"+t,e.setAttribute(\"data-secret\",t)),e.contentWindow.postMessage({message:\"ready\",secret:t},\"*\")},!1)))}(window,document);\n\/* ]]> *\/\n<\/script>\n","description":"Los objetivos de esta sesi\u00f3n son tratar la incoporaci\u00f3n de los Objetivos de Desarrollo Sostenible (ODS) en las empresas, su vinculaci\u00f3n pr\u00e1ctica en la actividad, los elementos de las finanzas sostenibles, alinear los objetivos estrat\u00e9gicos con los ODS, como contribuir al prop\u00f3sito de la organizaci\u00f3n, la Agenda 2030 como oportunidad en las entidades empresariales, y [&hellip;]"}

Webinar ODS "De la teoría a la acción" - ASCEF

<blockquote class="wp-embedded-content" data-secret="YW67H7HffM"><a href="https://www.ascef.com/es/agenda/webinar-ods-de-la-teoria-a-la-accion/">Webinar ODS «De la teoría a la acción»</a></blockquote><iframe sandbox="allow-scripts" security="restricted" src="https://www.ascef.com/es/agenda/webinar-ods-de-la-teoria-a-la-accion/embed/#?secret=YW67H7HffM" width="600" height="338" title="«Webinar ODS «De la teoría a la acción»» — ASCEF" data-secret="YW67H7HffM" frameborder="0" marginwidth="0" marginheight="0" scrolling="no" class="wp-embedded-content"></iframe><script type="text/javascript">
/* <![CDATA[ */
/*! This file is auto-generated */
!function(d,l){"use strict";l.querySelector&&d.addEventListener&&"undefined"!=typeof URL&&(d.wp=d.wp||{},d.wp.receiveEmbedMessage||(d.wp.receiveEmbedMessage=function(e){var t=e.data;if((t||t.secret||t.message||t.value)&&!/[^a-zA-Z0-9]/.test(t.secret)){for(var s,r,n,a=l.querySelectorAll('iframe[data-secret="'+t.secret+'"]'),o=l.querySelectorAll('blockquote[data-secret="'+t.secret+'"]'),c=new RegExp("^https?:$","i"),i=0;i<o.length;i++)o[i].style.display="none";for(i=0;i<a.length;i++)s=a[i],e.source===s.contentWindow&&(s.removeAttribute("style"),"height"===t.message?(1e3<(r=parseInt(t.value,10))?r=1e3:~~r<200&&(r=200),s.height=r):"link"===t.message&&(r=new URL(s.getAttribute("src")),n=new URL(t.value),c.test(n.protocol))&&n.host===r.host&&l.activeElement===s&&(d.top.location.href=t.value))}},d.addEventListener("message",d.wp.receiveEmbedMessage,!1),l.addEventListener("DOMContentLoaded",function(){for(var e,t,s=l.querySelectorAll("iframe.wp-embedded-content"),r=0;r<s.length;r++)(t=(e=s[r]).getAttribute("data-secret"))||(t=Math.random().toString(36).substring(2,12),e.src+="#?secret="+t,e.setAttribute("data-secret",t)),e.contentWindow.postMessage({message:"ready",secret:t},"*")},!1)))}(window,document);
/* ]]> */
</script>

Los objetivos de esta sesión son tratar la incoporación de los Objetivos de Desarrollo Sostenible (ODS) en las empresas, su vinculación práctica en la actividad, los elementos de las finanzas sostenibles, alinear los objetivos estratégicos con los ODS, como contribuir al propósito de la organización, la Agenda 2030 como oportunidad en las entidades empresariales, y [&hellip;]
