{"version":"1.0","provider_name":"ASCEF","provider_url":"https:\/\/www.ascef.com\/es\/","author_name":"Borja Igual","author_url":"https:\/\/www.ascef.com\/es\/author\/bigual1990mcs-com\/","title":"ENCUENTRO ASCEF: \"La empresa familiar, gestionar con valores\" - ASCEF","type":"rich","width":600,"height":338,"html":"<blockquote class=\"wp-embedded-content\" data-secret=\"r701mATF0H\"><a href=\"https:\/\/www.ascef.com\/es\/agenda\/encuentro-ascef-la-empresa-familiar-gestionar-con-valores\/\">ENCUENTRO ASCEF: \u00abLa empresa familiar, gestionar con valores\u00bb<\/a><\/blockquote><iframe sandbox=\"allow-scripts\" security=\"restricted\" src=\"https:\/\/www.ascef.com\/es\/agenda\/encuentro-ascef-la-empresa-familiar-gestionar-con-valores\/embed\/#?secret=r701mATF0H\" width=\"600\" height=\"338\" title=\"\u00abENCUENTRO ASCEF: \u00abLa empresa familiar, gestionar con valores\u00bb\u00bb \u2014 ASCEF\" data-secret=\"r701mATF0H\" frameborder=\"0\" marginwidth=\"0\" marginheight=\"0\" scrolling=\"no\" class=\"wp-embedded-content\"><\/iframe><script type=\"text\/javascript\">\n\/* <![CDATA[ *\/\n\/*! This file is auto-generated *\/\n!function(d,l){\"use strict\";l.querySelector&&d.addEventListener&&\"undefined\"!=typeof URL&&(d.wp=d.wp||{},d.wp.receiveEmbedMessage||(d.wp.receiveEmbedMessage=function(e){var t=e.data;if((t||t.secret||t.message||t.value)&&!\/[^a-zA-Z0-9]\/.test(t.secret)){for(var s,r,n,a=l.querySelectorAll('iframe[data-secret=\"'+t.secret+'\"]'),o=l.querySelectorAll('blockquote[data-secret=\"'+t.secret+'\"]'),c=new RegExp(\"^https?:$\",\"i\"),i=0;i<o.length;i++)o[i].style.display=\"none\";for(i=0;i<a.length;i++)s=a[i],e.source===s.contentWindow&&(s.removeAttribute(\"style\"),\"height\"===t.message?(1e3<(r=parseInt(t.value,10))?r=1e3:~~r<200&&(r=200),s.height=r):\"link\"===t.message&&(r=new URL(s.getAttribute(\"src\")),n=new URL(t.value),c.test(n.protocol))&&n.host===r.host&&l.activeElement===s&&(d.top.location.href=t.value))}},d.addEventListener(\"message\",d.wp.receiveEmbedMessage,!1),l.addEventListener(\"DOMContentLoaded\",function(){for(var e,t,s=l.querySelectorAll(\"iframe.wp-embedded-content\"),r=0;r<s.length;r++)(t=(e=s[r]).getAttribute(\"data-secret\"))||(t=Math.random().toString(36).substring(2,12),e.src+=\"#?secret=\"+t,e.setAttribute(\"data-secret\",t)),e.contentWindow.postMessage({message:\"ready\",secret:t},\"*\")},!1)))}(window,document);\n\/* ]]> *\/\n<\/script>\n","description":"Este a\u00f1o el Encuentro ASCEF se celebrar\u00e1 en un formato h\u00edbrido, online y presencial. En el primer caso, se har\u00e1 a trav\u00e9s de ZOOM Meeting, mientras que la opci\u00f3n presencial tendr\u00e1 lugar en el Hotel Clar\u00eds (c. Pau Clar\u00eds, 150, de Barcelona). El aforo de la sala est\u00e1 limitado para garantizar las medidas de seguridad [&hellip;]"}

Este año el Encuentro ASCEF se celebrará en un formato híbrido, online y presencial. En el primer caso, se hará a través de ZOOM Meeting, mientras que la opción presencial tendrá lugar en el Hotel Clarís (c. Pau Clarís, 150, de Barcelona). El aforo de la sala está limitado para garantizar las medidas de seguridad [&hellip;]
